 the greatest common factor of 846 and 4872819.
141
Calculate the greatest common factor of 1188288 and 126.
18
What is the greatest common divisor of 1928 and 381795574?
482
What is the greatest common divisor of 126984 and 50764?
148
What is the greatest common divisor of 20068 and 578347?
29
What is the greatest common divisor of 293069550 and 60?
30
Calculate the highest common factor of 166076820 and 390.
390
What is the highest common factor of 12 and 374988?
12
Calculate the greatest common divisor of 600552 and 9918.
342
Calculate the highest common divisor of 1014449 and 1508.
29
Calculate the greatest common factor of 51975518 and 336.
14
Calculate the greatest common factor of 3372171 and 1881.
33
What is the highest common divisor of 3 and 833380?
1
What is the greatest common factor of 3448238012 and 6514?
6514
Calculate the highest common factor of 859 and 2785737.
859
What is the greatest common divisor of 392 and 3266634?
98
What is the highest common divisor of 245460822 and 6?
6
What is the highest common divisor of 139 and 2367587?
139
What is the highest common divisor of 255819 and 2182666?
269
What is the greatest common divisor of 92374400 and 6400?
3200
Calculate the greatest common factor of 97902 and 79731.
27
Calculate the highest common factor of 481 and 1343.
1
What is the greatest common divisor of 14 and 391589219?
7
What is the highest common divisor of 535238352 and 11?
11
What is the greatest common factor of 9145071 and 180?
9
What is the greatest common divisor of 1063387800 and 900?
900
Calculate the greatest common factor of 3815237 and 2692.
673
Calculate the highest common divisor of 4169847 and 66.
33
Calculate the greatest common divisor of 5220624 and 2562.
366
What is the highest common factor of 4215796 and 16?
4
Calculate the greatest common divisor of 39825692 and 20.
4
Calculate the highest common divisor of 53 and 1771872203.
53
Calculate the greatest common factor of 29125 and 2563.
233
Calculate the greatest common divisor of 6761475 and 36225.
1575
What is the greatest common factor of 3 and 575114349?
3
Calculate the greatest common factor of 55752 and 28796.
92
What is the highest common factor of 1254886 and 4439?
193
Calculate the highest common divisor of 21728 and 572397.
679
Calculate the greatest common divisor of 35288 and 327734.
22
Calculate the greatest common divisor of 80785 and 117629.
151
What is the greatest common divisor of 3290 and 1096928?
14
What is the greatest common factor of 3401684 and 132?
44
What is the highest common divisor of 85173 and 5041476?
957
What is the greatest common divisor of 1828144994 and 13?
13
Calculate the highest common factor of 459 and 4436422.
17
What is the greatest common divisor of 31703 and 90601?
49
Calculate the greatest common divisor of 364 and 8253856.
52
Calculate the greatest common divisor of 183 and 597983.
61
What is the highest common factor of 103394 and 66591818?
6082
Calculate the highest common divisor of 826 and 2333758.
14
What is the highest common factor of 169 and 10922470?
169
Calculate the highest common factor of 1932171 and 36.
3
Calculate the highest common divisor of 30558 and 327074.
22
What is the greatest common divisor of 209 and 230773411?
209
Calculate the greatest common factor of 832642 and 1532.
766
Calculate the greatest common divisor of 143 and 66391.
13
What is the greatest common divisor of 4182 and 9418602?
246
Calculate the highest common factor of 567 and 1804614.
21
Calculate the highest common factor of 482 and 127343918.
482
What is the highest common divisor of 36528 and 11112?
24
What is the greatest common divisor of 31428 and 873776?
388
What is the highest common factor of 80 and 21112060?
20
Calculate the highest common factor of 21498 and 18.
6
Calculate the greatest common factor of 193536 and 1174824.
1512
What is the greatest common factor of 2288241 and 306?
9
Calculate the highest common divisor of 41895 and 2144340.
855
Calculate the greatest common divisor of 185857 and 147.
49
What is the greatest common factor of 606117 and 1673832?
2157
What is the greatest common factor of 242369832 and 2664?
888
Calculate the greatest common divisor of 693350815 and 1671.
557
What is the greatest common divisor of 3592526 and 28?
14
Calculate the highest common divisor of 123 and 470531908.
41
Calculate the highest common divisor of 124419 and 79931.
67
What is the highest common divisor of 30230285 and 22520?
2815
Calculate the highest common factor of 4601576 and 112.
56
What is the highest common divisor of 136440 and 11160?
360
Calculate the greatest common divisor of 13365 and 8106480.
1215
What is the greatest common factor of 806443 and 152972?
167
Calculate the greatest common factor of 273793 and 2899.
13
What is the greatest common divisor of 4104 and 9168984?
216
Calculate the greatest common factor of 81 and 245704581.
9
Calculate the greatest common factor of 282341242 and 372.
62
What is the highest common factor of 11478 and 139501699?
1913
Calculate the highest common divisor of 27999 and 67283.
61
What is the highest common divisor of 9640 and 205867020?
4820
What is the greatest common divisor of 12940 and 390680?
20
Calculate the greatest common factor of 8292533 and 1432.
179
Calculate the greatest common divisor of 6645 and 20980923.
1329
Calculate the greatest common factor of 225 and 167595255.
45
What is the highest common factor of 136 and 104366?
2
What is the highest common factor of 4532 and 32895522?
2266
Calculate the greatest common factor of 113 and 4741706.
113
Calculate the highest common factor of 256945 and 2197.
13
What is the highest common factor of 2175 and 112951404?
87
Calculate the greatest common divisor of 48676096 and 3584.
1792
What is the highest common divisor of 480 and 34639920?
240
What is the greatest common divisor of 854205 and 634260?
5115
What is the greatest common divisor of 123 and 321471693?
123
What is the highest common factor of 14685 and 5461485?
1335
What is the greatest common divisor of 586987174 and 29582?
4226
What is the greatest common factor of 148516828 and 68?
68
Calculate the greatest common divisor of 415226 and 48111581.
10927
Calculate the highest common factor of 1859 and 29183.
11
What is the highest common divisor of 417961871 and 279?
31
What is the highest common factor of 74351538 and 27?
9
What is the highest common divisor of 1101842 and 45787?
1477
What is the highest common divisor of 111493900 and 138168?
7676
Calculate the highest common divisor of 5 and 9394310.
5
What is the highest common factor of 63021 and 11382793?
3001
Calculate the highest common divisor of 49031 and 3414.
1
What is the highest common divisor of 14220 and 703416?
948
What is the highest common divisor of 13 and 25707227?
13
What is the greatest common divisor of 40688227 and 250218?
13901
Calculate the greatest common divisor of 1112469 and 77691.
1653
Calculate the greatest common factor of 3016157 and 850.
17
Calculate the greatest common divisor of 92079792 and 3829.
3829
Calculate the highest common factor of 528407 and 751124.
4367
Calculate the greatest common divisor of 770505 and 19995.
465
What is the highest common divisor of 8130 and 343209576?
1626
What is the highest common factor of 113840 and 11840?
80
Calculate the greatest common factor of 262985 and 2250943.
149
What is the greatest common divisor of 1675911 and 2193?
51
What is the highest common divisor of 205521092 and 1666?
1666
What is the highest common divisor of 424 and 9609059?
53
What is the greatest common factor of 6596886 and 230154?
2586
Calculate the greatest common factor of 1916761 and 41099.
73
Calculate the greatest common divisor of 810408635 and 206.
103
Calculate the greatest common divisor of 73 and 685107993.
73
What is the highest common factor of 2465265404 and 476?
476
Calculate the greatest common factor of 275 and 19869025.
275
What is the highest common divisor of 196409 and 3743?
197
What is the greatest common factor of 169646120 and 280?
280
Calculate the greatest common factor of 4048916 and 3.
1
What is the highest common factor of 290868 and 88?
4
Calculate the highest common divisor of 126 and 19963818.
126
Calculate 